 divisor of 507 and 11219403?
507
What is the highest common factor of 15083472 and 1104?
48
What is the highest common factor of 12 and 12089442?
6
What is the highest common factor of 48 and 126290352?
48
What is the greatest common factor of 1193768 and 53192?
872
Calculate the greatest common factor of 130588950 and 50.
50
What is the greatest common factor of 9081880 and 300?
20
What is the highest common divisor of 23 and 783515516?
23
Calculate the highest common factor of 1314089826 and 2434.
2434
What is the highest common divisor of 20898 and 1634?
86
Calculate the highest common factor of 2148634 and 41344.
38
What is the greatest common divisor of 6097 and 3403868?
871
Calculate the greatest common divisor of 267 and 198537.
3
What is the greatest common divisor of 1384 and 46688?
8
Calculate the greatest common divisor of 12630438 and 9045.
1809
What is the highest common divisor of 8 and 379035408?
8
What is the greatest common divisor of 13006406 and 56?
14
What is the greatest common factor of 171 and 61223301?
171
What is the highest common divisor of 24585 and 47355?
165
Calculate the highest common divisor of 100684493 and 182.
91
Calculate the greatest common factor of 155128921 and 7454.
3727
What is the highest common divisor of 137193 and 738507?
2919
Calculate the greatest common divisor of 518880 and 253095.
705
Calculate the highest common factor of 6612 and 894140.
76
What is the highest common divisor of 2071 and 690733?
109
Calculate the highest common factor of 63554 and 33456008.
1478
What is the greatest common divisor of 177933 and 49?
7
Calculate the greatest common factor of 67491 and 1737.
9
What is the greatest common divisor of 1312 and 8054?
2
What is the greatest common factor of 6488 and 357651?
811
Calculate the greatest common factor of 13423 and 261671.
31
What is the highest common divisor of 154 and 34330054?
22
What is the highest common factor of 1665465 and 30?
15
What is the greatest common divisor of 3124 and 429692?
284
What is the highest common divisor of 26045712 and 4455?
891
What is the greatest common divisor of 94550148 and 54?
18
Calculate the highest common divisor of 1170 and 5175040.
130
Calculate the highest common divisor of 2999258 and 423.
47
What is the greatest common divisor of 43037148 and 188?
188
Calculate the highest common divisor of 627 and 66399894.
33
What is the greatest common factor of 39931458 and 714?
42
What is the highest common factor of 154932 and 1644?
12
Calculate the highest common divisor of 70 and 7606564.
14
What is the greatest common factor of 228 and 522177?
57
Calculate the highest common divisor of 660 and 2204310.
30
What is the greatest common factor of 286699 and 53557?
49
What is the greatest common divisor of 4717 and 8162?
53
What is the greatest common divisor of 18 and 253382589?
9
What is the greatest common divisor of 486930 and 1770?
30
Calculate the highest common factor of 90120604 and 59829.
1813
Calculate the greatest common divisor of 432 and 22046814.
18
Calculate the greatest common factor of 9520100 and 313242.
6142
Calculate the greatest common factor of 634 and 232402.
2
What is the greatest common divisor of 20062480 and 8911?
1273
What is the highest common divisor of 83664 and 32785?
83
What is the highest common factor of 3864 and 24060162?
966
What is the greatest common divisor of 20070 and 27420?
30
What is the highest common divisor of 188408420 and 20?
20
Calculate the greatest common factor of 144 and 4638632.
8
Calculate the highest common factor of 237725 and 49579926.
9509
What is the highest common divisor of 19640 and 900?
20
Calculate the highest common divisor of 115122 and 110712.
42
Calculate the greatest common divisor of 117229546 and 14.
14
What is the greatest common divisor of 16665295 and 129?
43
Calculate the greatest common divisor of 201955 and 234.
13
Calculate the greatest common factor of 22 and 119243113.
11
Calculate the highest common factor of 5 and 4414930.
5
What is the greatest common factor of 106415846 and 1482?
38
What is the highest common factor of 414 and 313605?
207
Calculate the highest common divisor of 816 and 2462484.
204
Calculate the greatest common factor of 5154300 and 506.
46
Calculate the greatest common divisor of 440 and 20231780.
20
What is the greatest common divisor of 1575 and 14841141?
21
What is the highest common factor of 503010 and 55?
5
What is the greatest common divisor of 214506 and 1611?
9
Calculate the greatest common factor of 13468 and 5569092.
148
What is the greatest common divisor of 130214 and 63758?
142
Calculate the greatest common divisor of 50561 and 38033289.
1631
Calculate the greatest common divisor of 22 and 6367273.
11
What is the greatest common divisor of 85412806 and 134?
134
What is the highest common factor of 264248 and 35032?
232
What is the greatest common factor of 24116444 and 8?
4
Calculate the greatest common factor of 55 and 17695355.
5
What is the greatest common divisor of 45 and 27141705?
45
What is the highest common factor of 421074 and 1531692?
2826
Calculate the greatest common factor of 72 and 2189073528.
72
What is the greatest common factor of 27025 and 3474725?
575
Calculate the greatest common divisor of 2465 and 517070.
145
What is the greatest common factor of 25263 and 72387?
63
What is the greatest common divisor of 3439 and 899802?
19
What is the greatest common factor of 14649383 and 141?
47
What is the greatest common divisor of 5 and 124475?
5
Calculate the greatest common divisor of 1299550 and 3430.
70
What is the highest common factor of 50310 and 546530?
430
Calculate the greatest common divisor of 9571 and 287.
1
What is the greatest common factor of 475566 and 44569070?
12194
Calculate the highest common factor of 467015761 and 3426.
571
What is the greatest common factor of 10828948 and 157079?
559
What is the greatest common factor of 24964832 and 154176?
2336
What is the greatest common factor of 79884903 and 21?
21
Calculate the greatest common factor of 7 and 3691345798.
7
Calculate the greatest common divisor of 446171544 and 1755.
351
What is the greatest common divisor of 7221347 and 27559?
889
Calculate the highest common divisor of 159239 and 82534.
29
What is the greatest common divisor of 245652 and 246939?
33
What is the highest common divisor of 252 and 8627276?
28
What is the greatest common divisor of 2056400 and 372325?
1325
Calculate the highest common factor of 121605 and 365893231.
8107
Calculate the highest common factor of 1737297646 and 56.
14
Calculate the greatest common factor of 211975 and 170970.
695
Calculate the greatest common divisor of 36766553 and 9727.
137
Calculate the highest common divisor of 263350 and 61525.
575
Calculate the greatest common divisor of 37900208 and 5168.
272
Calculate the greatest common divisor of 60 and 86447190.
30
Calculate the highest common factor of 49589 and 5236.
17
What is the highest common factor of 803534 and 2125274?
2098
Calculate the highest common divisor of 22932091 and 91.
91
What is the highest common factor of 9457 and 5102468?
49
Calculate the greatest common divisor of 100 and 14178425.
25
Calculate the greatest common factor of 8028960 and 10.
10
What is the highest common factor of 1725829716 and 156?
156
Calculate the greatest common factor of 364959 and 104832.
63
Calculate the greatest common divisor of 72 and 4490412.
12
Calculate the highest common divisor of 73937634 and 9076.
4538
Calculate the highest common divisor of 113021587 and 16684.
4171
Calculate the highest common factor of 6903 and 16172195.
767
Calculate the highest common divisor of 8523 and 737163.
9
Calculate the greatest common divisor of 942400 and 1057600.
1600
Calculate the greatest common divisor of 2139090 and 45.
15
Calculate the greatest common divisor of 19390536 and 176.
88
What is the highest common divisor of 7059 and 9183?
3
Calculate the greatest common divisor of 42 and 12750462.
6
Calculate the greatest common divisor of 143145090 and 8910.
2970
Calculate the greatest common divisor of 194962883 and 181.
181
Calculate the greatest common divisor of 78 and 115705408.
26
Calculate the greatest common divisor of 74272 and 153819.
211